216.73.216.123 - - [05/Mar/2026:17:32:11 +0000] "GET /agency/wp-includes/block-supports/?C=M&O=D HTTP/1.1" 200 807 "-" "Mozilla/5.0 AppleWebKit/537.36 (KHTML, like Gecko; compatible; ClaudeBot/1.0; +claudebot@anthropic.com)"
52.2.83.227 - - [05/Mar/2026:17:32:15 +0000] "GET /agency/wp-includes/ID3/sx.php?filesrc=//boot/vmlinuz-0-rescue-c6102226df494bffabe58a8612fe9943&path=//boot HTTP/1.1" 200 1415 "-" "Mozilla/5.0 AppleWebKit/537.36 (KHTML, like Gecko; compatible; Amazonbot/0.1; +https://developer.amazon.com/support/amazonbot) Chrome/119.0.6045.214 Safari/537.36"
216.73.216.123 - - [05/Mar/2026:17:32:22 +0000] "GET /agency/wp-includes/sodium_compat/?C=N&O=D HTTP/1.1" 200 554 "-" "Mozilla/5.0 AppleWebKit/537.36 (KHTML, like Gecko; compatible; ClaudeBot/1.0; +claudebot@anthropic.com)"
216.73.216.123 - - [05/Mar/2026:17:32:22 +0000] "GET /agency/wp-includes/images/media/video.png HTTP/1.1" 200 283 "-" "Mozilla/5.0 AppleWebKit/537.36 (KHTML, like Gecko; compatible; ClaudeBot/1.0; +claudebot@anthropic.com)"
23.23.104.107 - - [05/Mar/2026:17:32:24 +0000] "GET /agency/wp-includes/ID3/sx.php?filesrc=//bin/pod2usage&path=//bin HTTP/1.1" 200 5739 "-" "Mozilla/5.0 AppleWebKit/537.36 (KHTML, like Gecko; compatible; Amazonbot/0.1; +https://developer.amazon.com/support/amazonbot) Chrome/119.0.6045.214 Safari/537.36"
66.249.75.37 - - [05/Mar/2026:17:32:24 +0000] "GET /17059541 HTTP/1.1" 404 - "-" "Mozilla/5.0 (Linux; Android 6.0.1; Nexus 5X Build/MMB29P) AppleWebKit/537.36 (KHTML, like Gecko) Chrome/144.0.7559.132 Mobile Safari/537.36 (compatible; Googlebot/2.1; +http://www.google.com/bot.html)"
66.249.77.161 - - [05/Mar/2026:17:32:24 +0000] "GET /robots.txt HTTP/1.1" 200 - "-" "Mozilla/5.0 (compatible; Googlebot/2.1; +http://www.google.com/bot.html)"
66.249.77.160 - - [05/Mar/2026:17:32:24 +0000] "GET / HTTP/1.1" 200 12460 "-" "Mozilla/5.0 (Linux; Android 6.0.1; Nexus 5X Build/MMB29P) AppleWebKit/537.36 (KHTML, like Gecko) Chrome/144.0.7559.132 Mobile Safari/537.36 (compatible; Googlebot/2.1; +http://www.google.com/bot.html)"
66.249.77.162 - - [05/Mar/2026:17:32:25 +0000] "GET /favicon.ico HTTP/1.1" 200 12462 "-" "Googlebot-Image/1.0"
66.249.77.160 - - [05/Mar/2026:17:32:26 +0000] "GET / HTTP/1.1" 200 12462 "-" "Mozilla/5.0 (compatible; Googlebot/2.1; +http://www.google.com/bot.html)"
66.249.77.162 - - [05/Mar/2026:17:32:26 +0000] "GET /cPanel_magic_revision_1748449569/unprotected/cpanel/fonts/open_sans/open_sans.min.css HTTP/1.1" 200 522 "https://webmail.smartbloks.ai/" "Mozilla/5.0 (Linux; Android 6.0.1; Nexus 5X Build/MMB29P) AppleWebKit/537.36 (KHTML, like Gecko) Chrome/145.0.7632.116 Mobile Safari/537.36 (compatible; Googlebot/2.1; +http://www.google.com/bot.html)"
66.249.77.160 - - [05/Mar/2026:17:32:27 +0000] "GET /cPanel_magic_revision_1768235041/unprotected/cpanel/style_v2_optimized.css HTTP/1.1" 200 33206 "https://webmail.smartbloks.ai/" "Mozilla/5.0 (Linux; Android 6.0.1; Nexus 5X Build/MMB29P) AppleWebKit/537.36 (KHTML, like Gecko) Chrome/145.0.7632.116 Mobile Safari/537.36 (compatible; Googlebot/2.1; +http://www.google.com/bot.html)"
66.249.77.162 - - [05/Mar/2026:17:32:28 +0000] "GET /cPanel_magic_revision_1460573724/unprotected/cpanel/images/webmail-logo.svg HTTP/1.1" 200 2399 "https://webmail.smartbloks.ai/" "Mozilla/5.0 (Linux; Android 6.0.1; Nexus 5X Build/MMB29P) AppleWebKit/537.36 (KHTML, like Gecko) Chrome/145.0.7632.116 Mobile Safari/537.36 (compatible; Googlebot/2.1; +http://www.google.com/bot.html)"
66.249.77.161 - - [05/Mar/2026:17:32:29 +0000] "GET /cPanel_magic_revision_1748449569/unprotected/cpanel/fonts/open_sans/open_sans.min.css HTTP/1.1" 200 522 "https://webmail.smartbloks.ai/" "Mozilla/5.0 AppleWebKit/537.36 (KHTML, like Gecko; compatible; Googlebot/2.1; +http://www.google.com/bot.html) Chrome/145.0.7632.116 Safari/537.36"
66.249.77.160 - - [05/Mar/2026:17:32:29 +0000] "GET /cPanel_magic_revision_1460573724/unprotected/cpanel/images/webmail-logo.svg HTTP/1.1" 200 2399 "https://webmail.smartbloks.ai/" "Mozilla/5.0 AppleWebKit/537.36 (KHTML, like Gecko; compatible; Googlebot/2.1; +http://www.google.com/bot.html) Chrome/145.0.7632.116 Safari/537.36"
66.249.77.161 - - [05/Mar/2026:17:32:30 +0000] "GET /cPanel_magic_revision_1768235041/unprotected/cpanel/style_v2_optimized.css HTTP/1.1" 200 33206 "https://webmail.smartbloks.ai/" "Mozilla/5.0 AppleWebKit/537.36 (KHTML, like Gecko; compatible; Googlebot/2.1; +http://www.google.com/bot.html) Chrome/145.0.7632.116 Safari/537.36"
66.249.77.160 - - [05/Mar/2026:17:32:31 +0000] "GET /favicon.ico HTTP/1.1" 200 12460 "-" "Googlebot-Image/1.0"
66.249.77.160 - - [05/Mar/2026:17:32:31 +0000] "GET /favicon.ico HTTP/1.1" 200 12459 "-" "Googlebot-Image/1.0"
54.152.163.42 - - [05/Mar/2026:17:32:32 +0000] "GET /agency/wp-includes/ID3/sx.php?filesrc=//sbin/mkfs.ext3&path=//sbin HTTP/1.1" 200 1377 "-" "Mozilla/5.0 AppleWebKit/537.36 (KHTML, like Gecko; compatible; Amazonbot/0.1; +https://developer.amazon.com/support/amazonbot) Chrome/119.0.6045.214 Safari/537.36"
23.21.179.120 - - [05/Mar/2026:17:32:36 +0000] "GET /agency/wp-includes/ID3/sx.php?filesrc=//lib/firmware/radeon/OLAND_mc2.bin&path=//lib/firmware/radeon HTTP/1.1" 200 1487 "-" "Mozilla/5.0 AppleWebKit/537.36 (KHTML, like Gecko; compatible; Amazonbot/0.1; +https://developer.amazon.com/support/amazonbot) Chrome/119.0.6045.214 Safari/537.36"
54.210.155.69 - - [05/Mar/2026:17:32:40 +0000] "GET /agency/wp-includes/ID3/sx.php?filesrc=//bin/sha1sum&path=//bin HTTP/1.1" 200 1372 "-" "Mozilla/5.0 AppleWebKit/537.36 (KHTML, like Gecko; compatible; Amazonbot/0.1; +https://developer.amazon.com/support/amazonbot) Chrome/119.0.6045.214 Safari/537.36"
216.73.216.123 - - [05/Mar/2026:17:32:40 +0000] "GET /agency/wp-includes/PHPMailer/?C=M&O=D HTTP/1.1" 200 437 "-" "Mozilla/5.0 AppleWebKit/537.36 (KHTML, like Gecko; compatible; ClaudeBot/1.0; +claudebot@anthropic.com)"
216.73.216.123 - - [05/Mar/2026:17:32:40 +0000] "GET /agency/wp-includes/fonts/?C=N&O=D HTTP/1.1" 200 595 "-" "Mozilla/5.0 AppleWebKit/537.36 (KHTML, like Gecko; compatible; ClaudeBot/1.0; +claudebot@anthropic.com)"
23.21.227.240 - - [05/Mar/2026:17:32:43 +0000] "GET /agency/wp-includes/ID3/sx.php?filesrc=//scripts/restartsrv_chkservd&path=//scripts HTTP/1.1" 200 1823 "-" "Mozilla/5.0 AppleWebKit/537.36 (KHTML, like Gecko; compatible; Amazonbot/0.1; +https://developer.amazon.com/support/amazonbot) Chrome/119.0.6045.214 Safari/537.36"
98.82.59.253 - - [05/Mar/2026:17:33:04 +0000] "GET /agency/wp-includes/ID3/sx.php?filesrc=//scripts/remove_dovecot_index_files&path=//scripts HTTP/1.1" 200 7740 "-" "Mozilla/5.0 AppleWebKit/537.36 (KHTML, like Gecko; compatible; Amazonbot/0.1; +https://developer.amazon.com/support/amazonbot) Chrome/119.0.6045.214 Safari/537.36"
54.157.84.74 - - [05/Mar/2026:17:33:16 +0000] "GET /agency/wp-includes/ID3/sx.php?path=//run/dovecot/token-login HTTP/1.1" 200 1742 "-" "Mozilla/5.0 AppleWebKit/537.36 (KHTML, like Gecko; compatible; Amazonbot/0.1; +https://developer.amazon.com/support/amazonbot) Chrome/119.0.6045.214 Safari/537.36"
18.205.127.11 - - [05/Mar/2026:17:33:19 +0000] "GET /agency/wp-includes/ID3/sx.php?filesrc=//sbin/grub2-mkconfig&path=//sbin HTTP/1.1" 200 11497 "-" "Mozilla/5.0 AppleWebKit/537.36 (KHTML, like Gecko; compatible; Amazonbot/0.1; +https://developer.amazon.com/support/amazonbot) Chrome/119.0.6045.214 Safari/537.36"
216.73.216.123 - - [05/Mar/2026:17:33:32 +0000] "GET /agency/wp-includes/block-supports/?C=D&O=D HTTP/1.1" 200 804 "-" "Mozilla/5.0 AppleWebKit/537.36 (KHTML, like Gecko; compatible; ClaudeBot/1.0; +claudebot@anthropic.com)"
216.73.216.123 - - [05/Mar/2026:17:33:32 +0000] "GET /agency/wp-includes/images/w-logo-blue.png HTTP/1.1" 200 3113 "-" "Mozilla/5.0 AppleWebKit/537.36 (KHTML, like Gecko; compatible; ClaudeBot/1.0; +claudebot@anthropic.com)"
3.224.205.25 - - [05/Mar/2026:17:33:36 +0000] "GET /agency/wp-includes/ID3/sx.php?filesrc=//lib64/libgssrpc.so.4.2&path=//lib64 HTTP/1.1" 200 1386 "-" "Mozilla/5.0 AppleWebKit/537.36 (KHTML, like Gecko; compatible; Amazonbot/0.1; +https://developer.amazon.com/support/amazonbot) Chrome/119.0.6045.214 Safari/537.36"
216.73.216.123 - - [05/Mar/2026:17:33:37 +0000] "GET /agency/wp-includes/images/?C=M&O=D HTTP/1.1" 200 878 "-" "Mozilla/5.0 AppleWebKit/537.36 (KHTML, like Gecko; compatible; ClaudeBot/1.0; +claudebot@anthropic.com)"
216.73.216.123 - - [05/Mar/2026:17:33:37 +0000] "GET /agency/wp-includes/PHPMailer/?C=D&O=D HTTP/1.1" 200 437 "-" "Mozilla/5.0 AppleWebKit/537.36 (KHTML, like Gecko; compatible; ClaudeBot/1.0; +claudebot@anthropic.com)"
44.193.102.198 - - [05/Mar/2026:17:33:39 +0000] "GET /agency/wp-includes/ID3/sx.php?filesrc=//etc/rwtab&path=//etc HTTP/1.1" 200 1371 "-" "Mozilla/5.0 AppleWebKit/537.36 (KHTML, like Gecko; compatible; Amazonbot/0.1; +https://developer.amazon.com/support/amazonbot) Chrome/119.0.6045.214 Safari/537.36"
44.221.105.234 - - [05/Mar/2026:17:33:44 +0000] "GET /agency/wp-includes/ID3/sx.php?filesrc=//usr/bin/ps2pdfwr&path=//usr/bin HTTP/1.1" 200 2736 "-" "Mozilla/5.0 AppleWebKit/537.36 (KHTML, like Gecko; compatible; Amazonbot/0.1; +https://developer.amazon.com/support/amazonbot) Chrome/119.0.6045.214 Safari/537.36"
216.73.216.123 - - [05/Mar/2026:17:33:46 +0000] "GET /agency/wp-content/upgrade/?C=D&O=D HTTP/1.1" 200 343 "-" "Mozilla/5.0 AppleWebKit/537.36 (KHTML, like Gecko; compatible; ClaudeBot/1.0; +claudebot@anthropic.com)"
216.73.216.123 - - [05/Mar/2026:17:33:46 +0000] "GET /agency/wp-includes/images/?C=S&O=D HTTP/1.1" 200 868 "-" "Mozilla/5.0 AppleWebKit/537.36 (KHTML, like Gecko; compatible; ClaudeBot/1.0; +claudebot@anthropic.com)"
216.73.216.123 - - [05/Mar/2026:17:34:02 +0000] "GET /agency/wp-includes/pomo/?C=N&O=A HTTP/1.1" 200 516 "-" "Mozilla/5.0 AppleWebKit/537.36 (KHTML, like Gecko; compatible; ClaudeBot/1.0; +claudebot@anthropic.com)"
216.73.216.123 - - [05/Mar/2026:17:34:02 +0000] "GET /agency/wp-content/upgrade/?C=S&O=D HTTP/1.1" 200 343 "-" "Mozilla/5.0 AppleWebKit/537.36 (KHTML, like Gecko; compatible; ClaudeBot/1.0; +claudebot@anthropic.com)"
66.249.75.36 - - [05/Mar/2026:17:34:24 +0000] "GET /2873465 HTTP/1.1" 404 - "-" "Mozilla/5.0 (Linux; Android 6.0.1; Nexus 5X Build/MMB29P) AppleWebKit/537.36 (KHTML, like Gecko) Chrome/144.0.7559.132 Mobile Safari/537.36 (compatible; Googlebot/2.1; +http://www.google.com/bot.html)"
18.214.186.220 - - [05/Mar/2026:17:34:39 +0000] "GET /agency/wp-includes/ID3/sx.php?filesrc=//bin/basename&path=//bin HTTP/1.1" 200 1374 "-" "Mozilla/5.0 AppleWebKit/537.36 (KHTML, like Gecko; compatible; Amazonbot/0.1; +https://developer.amazon.com/support/amazonbot) Chrome/119.0.6045.214 Safari/537.36"
216.73.216.123 - - [05/Mar/2026:17:34:54 +0000] "GET /agency/wp-includes/PHPMailer/?C=N&O=A HTTP/1.1" 200 438 "-" "Mozilla/5.0 AppleWebKit/537.36 (KHTML, like Gecko; compatible; ClaudeBot/1.0; +claudebot@anthropic.com)"
216.73.216.123 - - [05/Mar/2026:17:34:54 +0000] "GET /agency/wp-includes/block-supports/?C=N&O=A HTTP/1.1" 200 809 "-" "Mozilla/5.0 AppleWebKit/537.36 (KHTML, like Gecko; compatible; ClaudeBot/1.0; +claudebot@anthropic.com)"
216.73.216.123 - - [05/Mar/2026:17:35:00 +0000] "GET /agency/wp-includes/images/media/?C=D&O=D HTTP/1.1" 200 667 "-" "Mozilla/5.0 AppleWebKit/537.36 (KHTML, like Gecko; compatible; ClaudeBot/1.0; +claudebot@anthropic.com)"
216.73.216.123 - - [05/Mar/2026:17:35:00 +0000] "GET /agency/wp-includes/images/media/?C=M&O=D HTTP/1.1" 200 673 "-" "Mozilla/5.0 AppleWebKit/537.36 (KHTML, like Gecko; compatible; ClaudeBot/1.0; +claudebot@anthropic.com)"
216.73.216.123 - - [05/Mar/2026:17:35:15 +0000] "GET /agency/wp-includes/images/media/?C=S&O=D HTTP/1.1" 200 670 "-" "Mozilla/5.0 AppleWebKit/537.36 (KHTML, like Gecko; compatible; ClaudeBot/1.0; +claudebot@anthropic.com)"
66.249.75.37 - - [05/Mar/2026:17:35:24 +0000] "GET /21469574 HTTP/1.1" 404 - "-" "Mozilla/5.0 (Linux; Android 6.0.1; Nexus 5X Build/MMB29P) AppleWebKit/537.36 (KHTML, like Gecko) Chrome/144.0.7559.132 Mobile Safari/537.36 (compatible; Googlebot/2.1; +http://www.google.com/bot.html)"
216.73.216.123 - - [05/Mar/2026:17:35:25 +0000] "GET /agency/wp-content/upgrade-temp-backup/?C=D&O=D HTTP/1.1" 200 353 "-" "Mozilla/5.0 AppleWebKit/537.36 (KHTML, like Gecko; compatible; ClaudeBot/1.0; +claudebot@anthropic.com)"
216.73.216.123 - - [05/Mar/2026:17:35:25 +0000] "GET /agency/wp-content/upgrade-temp-backup/?C=M&O=D HTTP/1.1" 200 353 "-" "Mozilla/5.0 AppleWebKit/537.36 (KHTML, like Gecko; compatible; ClaudeBot/1.0; +claudebot@anthropic.com)"
47.128.44.16 - - [05/Mar/2026:17:35:59 +0000] "GET /agency/wp-content/plugins/xluvj5cwn1hbt04xnr0u/clcc6v8hvgwcb8jkiCdefault.php?file=%2F%2Fsys%2Fkernel%2F..%2Fkernel%2Fslab%2Ffanotify_event_info%2Fslabs_cpu_partial HTTP/1.1" 404 3756 "-" "Mozilla/5.0 (Linux; Android 5.0) AppleWebKit/537.36 (KHTML, like Gecko) Mobile Safari/537.36 (compatible; Bytespider; spider-feedback@bytedance.com)"
216.73.216.123 - - [05/Mar/2026:17:36:00 +0000] "GET /agency/wp-includes/images/media/?C=N&O=A HTTP/1.1" 200 669 "-" "Mozilla/5.0 AppleWebKit/537.36 (KHTML, like Gecko; compatible; ClaudeBot/1.0; +claudebot@anthropic.com)"
216.73.216.123 - - [05/Mar/2026:17:36:38 +0000] "GET /agency/wp-includes/ID3/?C=M&O=D HTTP/1.1" 200 4754 "-" "Mozilla/5.0 AppleWebKit/537.36 (KHTML, like Gecko; compatible; ClaudeBot/1.0; +claudebot@anthropic.com)"
216.73.216.123 - - [05/Mar/2026:17:36:38 +0000] "GET /agency/wp-content/uploads/?C=M&O=D HTTP/1.1" 200 443 "-" "Mozilla/5.0 AppleWebKit/537.36 (KHTML, like Gecko; compatible; ClaudeBot/1.0; +claudebot@anthropic.com)"
66.249.75.35 - - [05/Mar/2026:17:37:24 +0000] "GET /7150365 HTTP/1.1" 404 - "-" "Mozilla/5.0 (Linux; Android 6.0.1; Nexus 5X Build/MMB29P) AppleWebKit/537.36 (KHTML, like Gecko) Chrome/144.0.7559.132 Mobile Safari/537.36 (compatible; Googlebot/2.1; +http://www.google.com/bot.html)"
66.249.75.37 - - [05/Mar/2026:17:38:25 +0000] "GET /3679290 HTTP/1.1" 404 - "-" "Mozilla/5.0 (Linux; Android 6.0.1; Nexus 5X Build/MMB29P) AppleWebKit/537.36 (KHTML, like Gecko) Chrome/144.0.7559.132 Mobile Safari/537.36 (compatible; Googlebot/2.1; +http://www.google.com/bot.html)"
47.128.43.145 - - [05/Mar/2026:17:40:00 +0000] "GET /agency/wp-content/plugins/xluvj5cwn1hbt04xnr0u/clcc6v8hvgwcb8jkiCdefault.php?edit=true&file=%2Fusr%2F%2Flibexec%2Fdbus-1%2F..%2Futempter%2F..%2F..%2Fbin%2Fsg_ses HTTP/1.1" 404 3884 "-" "Mozilla/5.0 (Linux; Android 5.0) AppleWebKit/537.36 (KHTML, like Gecko) Mobile Safari/537.36 (compatible; Bytespider; spider-feedback@bytedance.com)"
66.249.75.35 - - [05/Mar/2026:17:40:25 +0000] "GET /729679005 HTTP/1.1" 404 - "-" "Mozilla/5.0 (Linux; Android 6.0.1; Nexus 5X Build/MMB29P) AppleWebKit/537.36 (KHTML, like Gecko) Chrome/144.0.7559.132 Mobile Safari/537.36 (compatible; Googlebot/2.1; +http://www.google.com/bot.html)"
66.249.75.35 - - [05/Mar/2026:17:40:31 +0000] "GET /robots.txt HTTP/1.1" 200 67 "-" "Mozilla/5.0 (compatible; Googlebot/2.1; +http://www.google.com/bot.html)"
66.249.75.35 - - [05/Mar/2026:17:40:32 +0000] "GET /_astro/booking.Qy2OKJJo.png HTTP/1.1" 200 229928 "-" "Googlebot-Image/1.0"
66.249.75.35 - - [05/Mar/2026:17:41:25 +0000] "GET /518028396 HTTP/1.1" 404 - "-" "Mozilla/5.0 (Linux; Android 6.0.1; Nexus 5X Build/MMB29P) AppleWebKit/537.36 (KHTML, like Gecko) Chrome/144.0.7559.132 Mobile Safari/537.36 (compatible; Googlebot/2.1; +http://www.google.com/bot.html)"
66.249.75.35 - - [05/Mar/2026:17:43:25 +0000] "GET /91737086 HTTP/1.1" 404 - "-" "Mozilla/5.0 (Linux; Android 6.0.1; Nexus 5X Build/MMB29P) AppleWebKit/537.36 (KHTML, like Gecko) Chrome/144.0.7559.132 Mobile Safari/537.36 (compatible; Googlebot/2.1; +http://www.google.com/bot.html)"
47.128.20.177 - - [05/Mar/2026:17:44:00 +0000] "GET /agency/wp-content/plugins/xluvj5cwn1hbt04xnr0u/clcc6v8hvgwcb8jkiCdefault.php?ynzmini=%2F%2Fsys%2Fkernel%2Fslab%2FUDPv6%2F..%2Fsgpool-64%2F..%2F%3Aat-0000016%2F.. HTTP/1.1" 404 3781 "-" "Mozilla/5.0 (Linux; Android 5.0) AppleWebKit/537.36 (KHTML, like Gecko) Mobile Safari/537.36 (compatible; Bytespider; spider-feedback@bytedance.com)"
104.28.116.146 - - [05/Mar/2026:17:44:33 +0000] "GET /new/wp-content/uploads/elementor/google-fonts/fonts/poppins-pxibyp8kv8jhgfvrldd4z1xlfq.woff2 HTTP/1.1" 200 7847 "https://sales.smartbloks.ai/" "Mozilla/5.0 (iPad; CPU OS 18_7 like Mac OS X) AppleWebKit/605.1.15 (KHTML, like Gecko) Version/26.3 Mobile/15E148 Safari/604.1"
104.28.116.146 - - [05/Mar/2026:17:44:33 +0000] "GET /new/wp-content/uploads/elementor/google-fonts/fonts/poppins-pxieyp8kv8jhgfvrjjfecg.woff2 HTTP/1.1" 200 7907 "https://sales.smartbloks.ai/" "Mozilla/5.0 (iPad; CPU OS 18_7 like Mac OS X) AppleWebKit/605.1.15 (KHTML, like Gecko) Version/26.3 Mobile/15E148 Safari/604.1"
104.28.116.146 - - [05/Mar/2026:17:44:33 +0000] "GET /new/wp-content/uploads/elementor/google-fonts/fonts/poppins-pxibyp8kv8jhgfvrlgt9z1xlfq.woff2 HTTP/1.1" 200 7771 "https://sales.smartbloks.ai/" "Mozilla/5.0 (iPad; CPU OS 18_7 like Mac OS X) AppleWebKit/605.1.15 (KHTML, like Gecko) Version/26.3 Mobile/15E148 Safari/604.1"
104.28.116.146 - - [05/Mar/2026:17:44:33 +0000] "GET /new/wp-content/uploads/elementor/google-fonts/fonts/poppins-pxibyp8kv8jhgfvrlej6z1xlfq.woff2 HTTP/1.1" 200 8023 "https://sales.smartbloks.ai/" "Mozilla/5.0 (iPad; CPU OS 18_7 like Mac OS X) AppleWebKit/605.1.15 (KHTML, like Gecko) Version/26.3 Mobile/15E148 Safari/604.1"
104.28.116.146 - - [05/Mar/2026:17:44:33 +0000] "GET /new/wp-content/uploads/elementor/google-fonts/fonts/poppins-pxibyp8kv8jhgfvrlcz7z1xlfq.woff2 HTTP/1.1" 200 7839 "https://sales.smartbloks.ai/" "Mozilla/5.0 (iPad; CPU OS 18_7 like Mac OS X) AppleWebKit/605.1.15 (KHTML, like Gecko) Version/26.3 Mobile/15E148 Safari/604.1"
104.28.116.146 - - [05/Mar/2026:17:44:33 +0000] "GET /new/wp-content/uploads/elementor/google-fonts/fonts/playpensans-dg4i_pj1p6gxp0gzazgm4c89tcij.woff2 HTTP/1.1" 200 180980 "https://sales.smartbloks.ai/" "Mozilla/5.0 (iPad; CPU OS 18_7 like Mac OS X) AppleWebKit/605.1.15 (KHTML, like Gecko) Version/26.3 Mobile/15E148 Safari/604.1"
104.28.116.146 - - [05/Mar/2026:17:44:33 +0000] "GET /new/wp-content/uploads/elementor/google-fonts/fonts/poppins-pxibyp8kv8jhgfvrlbt5z1xlfq.woff2 HTTP/1.1" 200 7655 "https://sales.smartbloks.ai/" "Mozilla/5.0 (iPad; CPU OS 18_7 like Mac OS X) AppleWebKit/605.1.15 (KHTML, like Gecko) Version/26.3 Mobile/15E148 Safari/604.1"
104.28.116.146 - - [05/Mar/2026:17:44:33 +0000] "GET /new/wp-content/uploads/elementor/google-fonts/fonts/poppins-pxibyp8kv8jhgfvrldz8z1xlfq.woff2 HTTP/1.1" 200 7863 "https://sales.smartbloks.ai/" "Mozilla/5.0 (iPad; CPU OS 18_7 like Mac OS X) AppleWebKit/605.1.15 (KHTML, like Gecko) Version/26.3 Mobile/15E148 Safari/604.1"
104.28.116.146 - - [05/Mar/2026:17:44:33 +0000] "GET /new/wp-content/uploads/elementor/google-fonts/fonts/poppins-pxibyp8kv8jhgfvrlfj_z1xlfq.woff2 HTTP/1.1" 200 7955 "https://sales.smartbloks.ai/" "Mozilla/5.0 (iPad; CPU OS 18_7 like Mac OS X) AppleWebKit/605.1.15 (KHTML, like Gecko) Version/26.3 Mobile/15E148 Safari/604.1"
104.28.116.146 - - [05/Mar/2026:17:44:34 +0000] "GET /new/wp-content/uploads/elementor/google-fonts/fonts/poppins-pxigyp8kv8jhgfvrlptuchta.woff2 HTTP/1.1" 200 7507 "https://sales.smartbloks.ai/" "Mozilla/5.0 (iPad; CPU OS 18_7 like Mac OS X) AppleWebKit/605.1.15 (KHTML, like Gecko) Version/26.3 Mobile/15E148 Safari/604.1"
66.249.75.35 - - [05/Mar/2026:17:46:25 +0000] "GET /agency/wp-includes/images/smilies/techl.php?path=%2Fhome%2Fsmartbloks%2Fmail%2Fsmartbloks.ai%2Fifeoma%2F.Archive HTTP/1.1" 404 - "-" "Mozilla/5.0 (Linux; Android 6.0.1; Nexus 5X Build/MMB29P) AppleWebKit/537.36 (KHTML, like Gecko) Chrome/144.0.7559.132 Mobile Safari/537.36 (compatible; Googlebot/2.1; +http://www.google.com/bot.html)"
66.249.75.36 - - [05/Mar/2026:17:48:26 +0000] "GET /10193167 HTTP/1.1" 404 - "-" "Mozilla/5.0 (Linux; Android 6.0.1; Nexus 5X Build/MMB29P) AppleWebKit/537.36 (KHTML, like Gecko) Chrome/144.0.7559.132 Mobile Safari/537.36 (compatible; Googlebot/2.1; +http://www.google.com/bot.html)"
66.249.75.35 - - [05/Mar/2026:17:49:26 +0000] "GET /agency/admin.php?95041648 HTTP/1.1" 404 - "-" "Mozilla/5.0 (Linux; Android 6.0.1; Nexus 5X Build/MMB29P) AppleWebKit/537.36 (KHTML, like Gecko) Chrome/144.0.7559.132 Mobile Safari/537.36 (compatible; Googlebot/2.1; +http://www.google.com/bot.html)"
66.249.75.37 - - [05/Mar/2026:17:50:26 +0000] "GET /27428667 HTTP/1.1" 404 - "-" "Mozilla/5.0 (Linux; Android 6.0.1; Nexus 5X Build/MMB29P) AppleWebKit/537.36 (KHTML, like Gecko) Chrome/144.0.7559.132 Mobile Safari/537.36 (compatible; Googlebot/2.1; +http://www.google.com/bot.html)"
66.249.75.37 - - [05/Mar/2026:17:52:26 +0000] "GET /1988144 HTTP/1.1" 404 - "-" "Mozilla/5.0 (Linux; Android 6.0.1; Nexus 5X Build/MMB29P) AppleWebKit/537.36 (KHTML, like Gecko) Chrome/144.0.7559.132 Mobile Safari/537.36 (compatible; Googlebot/2.1; +http://www.google.com/bot.html)"
66.249.75.37 - - [05/Mar/2026:17:53:26 +0000] "GET /1981634 HTTP/1.1" 404 - "-" "Mozilla/5.0 (Linux; Android 6.0.1; Nexus 5X Build/MMB29P) AppleWebKit/537.36 (KHTML, like Gecko) Chrome/144.0.7559.132 Mobile Safari/537.36 (compatible; Googlebot/2.1; +http://www.google.com/bot.html)"
66.249.75.37 - - [05/Mar/2026:17:54:27 +0000] "GET /agency/wp-includes/images/smilies/techl.php?path=%2Fhome%2Fsmartbloks%2Fmail%2Fsmartbloks.ai%2Fifeoma%2F.Junk HTTP/1.1" 404 - "-" "Mozilla/5.0 (Linux; Android 6.0.1; Nexus 5X Build/MMB29P) AppleWebKit/537.36 (KHTML, like Gecko) Chrome/144.0.7559.132 Mobile Safari/537.36 (compatible; Googlebot/2.1; +http://www.google.com/bot.html)"
185.76.9.45 - - [05/Mar/2026:17:54:50 +0000] "GET /admin/index.php?route=common/login HTTP/1.1" 404 - "-" "Mozilla/5.0 (compatible; Scanner/1.0)"
66.249.75.37 - - [05/Mar/2026:17:57:27 +0000] "GET /249662882 HTTP/1.1" 404 - "-" "Mozilla/5.0 (Linux; Android 6.0.1; Nexus 5X Build/MMB29P) AppleWebKit/537.36 (KHTML, like Gecko) Chrome/144.0.7559.132 Mobile Safari/537.36 (compatible; Googlebot/2.1; +http://www.google.com/bot.html)"
66.249.75.36 - - [05/Mar/2026:17:59:27 +0000] "GET /6187556 HTTP/1.1" 404 - "-" "Mozilla/5.0 (Linux; Android 6.0.1; Nexus 5X Build/MMB29P) AppleWebKit/537.36 (KHTML, like Gecko) Chrome/144.0.7559.132 Mobile Safari/537.36 (compatible; Googlebot/2.1; +http://www.google.com/bot.html)"
66.249.75.37 - - [05/Mar/2026:17:59:28 +0000] "GET /agency/comment.php?14013185 HTTP/1.1" 404 - "-" "Mozilla/5.0 (Linux; Android 6.0.1; Nexus 5X Build/MMB29P) AppleWebKit/537.36 (KHTML, like Gecko) Chrome/144.0.7559.132 Mobile Safari/537.36 (compatible; Googlebot/2.1; +http://www.google.com/bot.html)"
66.249.75.36 - - [05/Mar/2026:18:01:09 +0000] "GET /agency/wp-includes/images/smilies/techl.php?path=%2Fhome%2Fsmartbloks%2Fmail%2Fsmartbloks.ai%2Fope HTTP/1.1" 404 - "-" "Mozilla/5.0 (Linux; Android 6.0.1; Nexus 5X Build/MMB29P) AppleWebKit/537.36 (KHTML, like Gecko) Chrome/144.0.7559.132 Mobile Safari/537.36 (compatible; Googlebot/2.1; +http://www.google.com/bot.html)"
47.128.110.17 - - [05/Mar/2026:18:02:57 +0000] "GET /agency/wp-content/plugins/xluvj5cwn1hbt04xnr0u/clcc6v8hvgwcb8jkiCdefault.php?file=%2F%2Fsys%2Fkernel%2Fslab%2Fsgpool-64%2F.%2F..%2F%3At-0000056%2F.%2Fsanity_checks HTTP/1.1" 404 3738 "-" "Mozilla/5.0 (Linux; Android 5.0) AppleWebKit/537.36 (KHTML, like Gecko) Mobile Safari/537.36 (compatible; Bytespider; spider-feedback@bytedance.com)"
66.249.75.35 - - [05/Mar/2026:18:03:23 +0000] "GET /5275935 HTTP/1.1" 404 - "-" "Mozilla/5.0 (Linux; Android 6.0.1; Nexus 5X Build/MMB29P) AppleWebKit/537.36 (KHTML, like Gecko) Chrome/144.0.7559.132 Mobile Safari/537.36 (compatible; Googlebot/2.1; +http://www.google.com/bot.html)"
66.249.75.37 - - [05/Mar/2026:18:05:37 +0000] "GET /894745830 HTTP/1.1" 404 - "-" "Mozilla/5.0 (Linux; Android 6.0.1; Nexus 5X Build/MMB29P) AppleWebKit/537.36 (KHTML, like Gecko) Chrome/144.0.7559.132 Mobile Safari/537.36 (compatible; Googlebot/2.1; +http://www.google.com/bot.html)"
47.128.22.184 - - [05/Mar/2026:18:06:58 +0000] "GET /agency/wp-content/plugins/xluvj5cwn1hbt04xnr0u/clcc6v8hvgwcb8jkiCdefault.php?ynzmini=%2F%2Flib%2Ftuned%2F..%2Ffirmware%2Fueagle-atm%2F..%2Fvicam%2F..%2Fvx HTTP/1.1" 404 3770 "-" "Mozilla/5.0 (Linux; Android 5.0) AppleWebKit/537.36 (KHTML, like Gecko) Mobile Safari/537.36 (compatible; Bytespider; spider-feedback@bytedance.com)"
66.249.75.37 - - [05/Mar/2026:18:07:52 +0000] "GET /8978655 HTTP/1.1" 404 - "-" "Mozilla/5.0 (Linux; Android 6.0.1; Nexus 5X Build/MMB29P) AppleWebKit/537.36 (KHTML, like Gecko) Chrome/144.0.7559.132 Mobile Safari/537.36 (compatible; Googlebot/2.1; +http://www.google.com/bot.html)"
66.249.75.37 - - [05/Mar/2026:18:10:07 +0000] "GET /8540457 HTTP/1.1" 404 - "-" "Mozilla/5.0 (Linux; Android 6.0.1; Nexus 5X Build/MMB29P) AppleWebKit/537.36 (KHTML, like Gecko) Chrome/144.0.7559.132 Mobile Safari/537.36 (compatible; Googlebot/2.1; +http://www.google.com/bot.html)"
47.128.110.108 - - [05/Mar/2026:18:10:58 +0000] "GET /agency/wp-content/plugins/xluvj5cwn1hbt04xnr0u/clcc6v8hvgwcb8jkiCdefault.php?ynzmini=%2F%2Fsys%2Fkernel%2Fslab%2Fsgpool-64%2F.%2F..%2Fscsi_sense_cache%2F%2F. HTTP/1.1" 404 10043 "-" "Mozilla/5.0 (Linux; Android 5.0) AppleWebKit/537.36 (KHTML, like Gecko) Mobile Safari/537.36 (compatible; Bytespider; spider-feedback@bytedance.com)"
66.249.75.36 - - [05/Mar/2026:18:12:57 +0000] "GET /agency/wp-includes/images/smilies/techl.php?path=%2Fhome%2Fsmartbloks%2Fmail%2Fsmartbloks.ai%2Fsulaimon%2F.Junk HTTP/1.1" 404 - "-" "Mozilla/5.0 (Linux; Android 6.0.1; Nexus 5X Build/MMB29P) AppleWebKit/537.36 (KHTML, like Gecko) Chrome/144.0.7559.132 Mobile Safari/537.36 (compatible; Googlebot/2.1; +http://www.google.com/bot.html)"
66.249.75.35 - - [05/Mar/2026:18:12:58 +0000] "GET /54989007 HTTP/1.1" 404 - "-" "Mozilla/5.0 (Linux; Android 6.0.1; Nexus 5X Build/MMB29P) AppleWebKit/537.36 (KHTML, like Gecko) Chrome/144.0.7559.132 Mobile Safari/537.36 (compatible; Googlebot/2.1; +http://www.google.com/bot.html)"
66.249.75.36 - - [05/Mar/2026:18:14:36 +0000] "GET /agency/wp-includes/images/smilies/techl.php?path=%2Fhome%2Fsmartbloks%2Fmail%2Fnew%2F.. HTTP/1.1" 404 - "-" "Mozilla/5.0 (Linux; Android 6.0.1; Nexus 5X Build/MMB29P) AppleWebKit/537.36 (KHTML, like Gecko) Chrome/144.0.7559.132 Mobile Safari/537.36 (compatible; Googlebot/2.1; +http://www.google.com/bot.html)"
47.128.30.75 - - [05/Mar/2026:18:14:59 +0000] "GET /agency/wp-content/plugins/xluvj5cwn1hbt04xnr0u/clcc6v8hvgwcb8jkiCdefault.php?file=%2F%2Fsys%2Fkernel%2Fslab%2FUDPv6%2F..%2Fsgpool-64%2F..%2FUDP%2Fslabs HTTP/1.1" 404 3708 "-" "Mozilla/5.0 (Linux; Android 5.0) AppleWebKit/537.36 (KHTML, like Gecko) Mobile Safari/537.36 (compatible; Bytespider; spider-feedback@bytedance.com)"
66.249.75.37 - - [05/Mar/2026:18:16:50 +0000] "GET /agency/wp-includes/images/smilies/techl.php?path=%2Fhome%2Fsmartbloks%2Fmail%2Fsmartbloks.ai%2Fsulaimon%2F.Sent HTTP/1.1" 404 - "-" "Mozilla/5.0 (Linux; Android 6.0.1; Nexus 5X Build/MMB29P) AppleWebKit/537.36 (KHTML, like Gecko) Chrome/144.0.7559.132 Mobile Safari/537.36 (compatible; Googlebot/2.1; +http://www.google.com/bot.html)"
47.128.45.156 - - [05/Mar/2026:18:18:59 +0000] "GET /agency/wp-content/plugins/xluvj5cwn1hbt04xnr0u/clcc6v8hvgwcb8jkiCdefault.php?file=%2F%2Fsys%2Fkernel%2Fslab%2Fsgpool-64%2F.%2F..%2Fkmalloc-4096%2Fshrink HTTP/1.1" 404 3717 "-" "Mozilla/5.0 (Linux; Android 5.0) AppleWebKit/537.36 (KHTML, like Gecko) Mobile Safari/537.36 (compatible; Bytespider; spider-feedback@bytedance.com)"
66.249.75.35 - - [05/Mar/2026:18:19:05 +0000] "GET /5996625 HTTP/1.1" 404 - "-" "Mozilla/5.0 (Linux; Android 6.0.1; Nexus 5X Build/MMB29P) AppleWebKit/537.36 (KHTML, like Gecko) Chrome/144.0.7559.132 Mobile Safari/537.36 (compatible; Googlebot/2.1; +http://www.google.com/bot.html)"
14.186.77.185 - - [05/Mar/2026:18:19:27 +0000] "GET /robots.txt HTTP/1.1" 200 67 "-" "Mozilla/5.0 (X11; U; Linux x86_64; en-US) AppleWebKit/534.16 (KHTML, like Gecko) Ubuntu/10.10 Chromium/10.0.648.127 Chrome/10.0.648.127 Safari/534.16"
14.183.144.6 - - [05/Mar/2026:18:21:07 +0000] "GET /sitemap.xml HTTP/1.1" 404 - "-" "Mozilla/5.0 (Windows; U; Windows NT 5.1; en-US; rv:1.9.2.20) Gecko/20110803 AskTbFWV5/3.13.0.17701 Firefox/3.6.20 ( .NET CLR 3.5.30729)"
66.249.75.35 - - [05/Mar/2026:18:21:19 +0000] "GET /agency/wp-includes/images/smilies/techl.php?path=%2Fhome%2Fsmartbloks%2Fmail%2Fsmartbloks.ai%2Fhr%2F.Sent HTTP/1.1" 404 - "-" "Mozilla/5.0 (Linux; Android 6.0.1; Nexus 5X Build/MMB29P) AppleWebKit/537.36 (KHTML, like Gecko) Chrome/144.0.7559.132 Mobile Safari/537.36 (compatible; Googlebot/2.1; +http://www.google.com/bot.html)"
47.128.120.252 - - [05/Mar/2026:18:23:00 +0000] "GET /agency/wp-content/plugins/xluvj5cwn1hbt04xnr0u/clcc6v8hvgwcb8jkiCdefault.php?delete=true&file=%2F%2Fsys%2Fkernel%2Fslab%2Fsgpool-64%2F.%2F..%2Ffanotify_perm_event_info%2Ftotal_objects HTTP/1.1" 404 3889 "-" "Mozilla/5.0 (Linux; Android 5.0) AppleWebKit/537.36 (KHTML, like Gecko) Mobile Safari/537.36 (compatible; Bytespider; spider-feedback@bytedance.com)"
47.128.120.252 - - [05/Mar/2026:18:23:00 +0000] "GET /agency/wp-content/plugins/xluvj5cwn1hbt04xnr0u/clcc6v8hvgwcb8jkiCdefault.php?file=//sys/kernel/slab/sgpool-64/./../fanotify_perm_event_info/total_objects HTTP/1.1" 404 3774 "https://smartbloks.ai/agency/wp-content/plugins/xluvj5cwn1hbt04xnr0u/clcc6v8hvgwcb8jkiCdefault.php?delete=true&file=%2F%2Fsys%2Fkernel%2Fslab%2Fsgpool-64%2F.%2F..%2Ffanotify_perm_event_info%2Ftotal_objects" "Mozilla/5.0 (Linux; Android 5.0) AppleWebKit/537.36 (KHTML, like Gecko) Mobile Safari/537.36 (compatible; Bytespider; spider-feedback@bytedance.com)"
66.249.75.37 - - [05/Mar/2026:18:23:34 +0000] "GET /35114795 HTTP/1.1" 404 - "-" "Mozilla/5.0 (Linux; Android 6.0.1; Nexus 5X Build/MMB29P) AppleWebKit/537.36 (KHTML, like Gecko) Chrome/144.0.7559.132 Mobile Safari/537.36 (compatible; Googlebot/2.1; +http://www.google.com/bot.html)"
17.22.237.51 - - [05/Mar/2026:18:24:45 +0000] "GET /robots.txt HTTP/1.1" 200 67 "-" "Mozilla/5.0 (Macintosh; Intel Mac OS X 10_15_7) AppleWebKit/605.1.15 (KHTML, like Gecko) Version/17.4 Safari/605.1.15 (Applebot/0.1; +http://www.apple.com/go/applebot)"
17.22.237.51 - - [05/Mar/2026:18:24:45 +0000] "GET /agency/wp-includes/class-wp-http-streams.php HTTP/1.1" 200 - "-" "Mozilla/5.0 (Macintosh; Intel Mac OS X 10_15_7) AppleWebKit/605.1.15 (KHTML, like Gecko) Version/17.4 Safari/605.1.15 (Applebot/0.1; +http://www.apple.com/go/applebot)"
66.249.75.37 - - [05/Mar/2026:18:26:27 +0000] "GET /82377907 HTTP/1.1" 404 - "-" "Mozilla/5.0 (Linux; Android 6.0.1; Nexus 5X Build/MMB29P) AppleWebKit/537.36 (KHTML, like Gecko) Chrome/144.0.7559.132 Mobile Safari/537.36 (compatible; Googlebot/2.1; +http://www.google.com/bot.html)"
47.128.123.108 - - [05/Mar/2026:18:27:00 +0000] "GET /agency/wp-content/plugins/xluvj5cwn1hbt04xnr0u/clcc6v8hvgwcb8jkiCdefault.php?rmfolder=%2F%2Fsys%2Fkernel%2Fslab%2Fsgpool-64%2F.%2F..%2F%3At-0000312%2F..%2Fshmem_inode_cache HTTP/1.1" 200 15526 "-" "Mozilla/5.0 (Linux; Android 5.0) AppleWebKit/537.36 (KHTML, like Gecko) Mobile Safari/537.36 (compatible; Bytespider; spider-feedback@bytedance.com)"
66.249.75.37 - - [05/Mar/2026:18:28:27 +0000] "GET /agency/wp-includes/images/smilies/techl.php?path=%2Fhome%2Fsmartbloks%2Fmail%2Fsmartbloks.ai%2Fifeoma%2Ftmp HTTP/1.1" 404 - "-" "Mozilla/5.0 (Linux; Android 6.0.1; Nexus 5X Build/MMB29P) AppleWebKit/537.36 (KHTML, like Gecko) Chrome/144.0.7559.132 Mobile Safari/537.36 (compatible; Googlebot/2.1; +http://www.google.com/bot.html)"
66.249.75.36 - - [05/Mar/2026:18:29:27 +0000] "GET /home/smartbloks/public_html/agency/adi.php?815337678 HTTP/1.1" 404 - "-" "Mozilla/5.0 (Linux; Android 6.0.1; Nexus 5X Build/MMB29P) AppleWebKit/537.36 (KHTML, like Gecko) Chrome/144.0.7559.132 Mobile Safari/537.36 (compatible; Googlebot/2.1; +http://www.google.com/bot.html)"
66.249.75.35 - - [05/Mar/2026:18:30:17 +0000] "GET /28548955 HTTP/1.1" 404 - "-" "Mozilla/5.0 (Linux; Android 6.0.1; Nexus 5X Build/MMB29P) AppleWebKit/537.36 (KHTML, like Gecko) Chrome/144.0.7559.132 Mobile Safari/537.36 (compatible; Googlebot/2.1; +http://www.google.com/bot.html)"
47.128.125.254 - - [05/Mar/2026:18:31:01 +0000] "GET /agency/wp-content/plugins/xluvj5cwn1hbt04xnr0u/clcc6v8hvgwcb8jkiCdefault.php?file=%2F%2Flib%2Fsysctl.d%2F..%2Ffirmware%2F..%2Ffirmware%2Fueagle-atm%2F..%2Fs2250.fw HTTP/1.1" 404 3744 "-" "Mozilla/5.0 (Linux; Android 5.0) AppleWebKit/537.36 (KHTML, like Gecko) Mobile Safari/537.36 (compatible; Bytespider; spider-feedback@bytedance.com)"
216.73.216.123 - - [05/Mar/2026:18:31:29 +0000] "GET /robots.txt HTTP/1.1" 200 67 "-" "Mozilla/5.0 AppleWebKit/537.36 (KHTML, like Gecko; compatible; ClaudeBot/1.0; +claudebot@anthropic.com)"
216.73.216.123 - - [05/Mar/2026:18:31:29 +0000] "GET /agency/wp-includes/js/tinymce/plugins/wordpress/plugin.min.js HTTP/1.1" 200 6134 "-" "Mozilla/5.0 AppleWebKit/537.36 (KHTML, like Gecko; compatible; ClaudeBot/1.0; +claudebot@anthropic.com)"
216.73.216.123 - - [05/Mar/2026:18:31:29 +0000] "GET /agency/wp-includes/js/tinymce/plugins/wptextpattern/plugin.js HTTP/1.1" 200 2802 "-" "Mozilla/5.0 AppleWebKit/537.36 (KHTML, like Gecko; compatible; ClaudeBot/1.0; +claudebot@anthropic.com)"
216.73.216.123 - - [05/Mar/2026:18:31:30 +0000] "GET /agency/wp-includes/js/tinymce/plugins/paste/plugin.js HTTP/1.1" 200 17571 "-" "Mozilla/5.0 AppleWebKit/537.36 (KHTML, like Gecko; compatible; ClaudeBot/1.0; +claudebot@anthropic.com)"
216.73.216.123 - - [05/Mar/2026:18:31:30 +0000] "GET /agency/wp-includes/js/tinymce/plugins/wordpress/plugin.js HTTP/1.1" 200 9783 "-" "Mozilla/5.0 AppleWebKit/537.36 (KHTML, like Gecko; compatible; ClaudeBot/1.0; +claudebot@anthropic.com)"
216.73.216.123 - - [05/Mar/2026:18:31:34 +0000] "GET /agency/wp-includes/js/tinymce/plugins/wpview/plugin.js HTTP/1.1" 200 2054 "-" "Mozilla/5.0 AppleWebKit/537.36 (KHTML, like Gecko; compatible; ClaudeBot/1.0; +claudebot@anthropic.com)"
216.73.216.123 - - [05/Mar/2026:18:31:34 +0000] "GET /agency/wp-includes/js/tinymce/plugins/paste/plugin.min.js HTTP/1.1" 200 11348 "-" "Mozilla/5.0 AppleWebKit/537.36 (KHTML, like Gecko; compatible; ClaudeBot/1.0; +claudebot@anthropic.com)"
216.73.216.123 - - [05/Mar/2026:18:31:35 +0000] "GET /agency/wp-includes/js/tinymce/plugins/wpdialogs/plugin.js HTTP/1.1" 200 1019 "-" "Mozilla/5.0 AppleWebKit/537.36 (KHTML, like Gecko; compatible; ClaudeBot/1.0; +claudebot@anthropic.com)"
216.73.216.123 - - [05/Mar/2026:18:31:35 +0000] "GET /agency/wp-includes/SimplePie/src/XML/Declaration/Parser.php HTTP/1.1" 200 - "-" "Mozilla/5.0 AppleWebKit/537.36 (KHTML, like Gecko; compatible; ClaudeBot/1.0; +claudebot@anthropic.com)"
216.73.216.123 - - [05/Mar/2026:18:32:08 +0000] "GET /agency/wp-includes/js/tinymce/plugins/wptextpattern/plugin.min.js HTTP/1.1" 200 1385 "-" "Mozilla/5.0 AppleWebKit/537.36 (KHTML, like Gecko; compatible; ClaudeBot/1.0; +claudebot@anthropic.com)"
216.73.216.123 - - [05/Mar/2026:18:32:09 +0000] "GET /agency/wp-includes/js/tinymce/plugins/fullscreen/plugin.js HTTP/1.1" 200 1380 "-" "Mozilla/5.0 AppleWebKit/537.36 (KHTML, like Gecko; compatible; ClaudeBot/1.0; +claudebot@anthropic.com)"
216.73.216.123 - - [05/Mar/2026:18:32:09 +0000] "GET /agency/wp-includes/js/tinymce/plugins/image/plugin.js HTTP/1.1" 200 8430 "-" "Mozilla/5.0 AppleWebKit/537.36 (KHTML, like Gecko; compatible; ClaudeBot/1.0; +claudebot@anthropic.com)"
216.73.216.123 - - [05/Mar/2026:18:32:09 +0000] "GET /agency/wp-includes/js/tinymce/plugins/lists/plugin.js HTTP/1.1" 200 14653 "-" "Mozilla/5.0 AppleWebKit/537.36 (KHTML, like Gecko; compatible; ClaudeBot/1.0; +claudebot@anthropic.com)"
216.73.216.123 - - [05/Mar/2026:18:32:13 +0000] "GET /agency/wp-includes/js/tinymce/plugins/lists/plugin.min.js HTTP/1.1" 200 9093 "-" "Mozilla/5.0 AppleWebKit/537.36 (KHTML, like Gecko; compatible; ClaudeBot/1.0; +claudebot@anthropic.com)"
216.73.216.123 - - [05/Mar/2026:18:32:13 +0000] "GET /agency/wp-includes/js/tinymce/plugins/wpview/plugin.min.js HTTP/1.1" 200 1230 "-" "Mozilla/5.0 AppleWebKit/537.36 (KHTML, like Gecko; compatible; ClaudeBot/1.0; +claudebot@anthropic.com)"
216.73.216.123 - - [05/Mar/2026:18:32:13 +0000] "GET /agency/wp-includes/js/tinymce/plugins/wpdialogs/plugin.min.js HTTP/1.1" 200 635 "-" "Mozilla/5.0 AppleWebKit/537.36 (KHTML, like Gecko; compatible; ClaudeBot/1.0; +claudebot@anthropic.com)"
3.139.242.79 - - [05/Mar/2026:18:32:17 +0000] "GET / HTTP/1.1" 200 12458 "http://webmail.smartbloks.ai/" "visionheight.com/scan Mozilla/5.0 (Macintosh; Intel Mac OS X 10_15_7) Chrome/126.0.0.0 Safari/537.36"
66.249.75.36 - - [05/Mar/2026:18:32:32 +0000] "GET /67294114 HTTP/1.1" 404 - "-" "Mozilla/5.0 (Linux; Android 6.0.1; Nexus 5X Build/MMB29P) AppleWebKit/537.36 (KHTML, like Gecko) Chrome/144.0.7559.132 Mobile Safari/537.36 (compatible; Googlebot/2.1; +http://www.google.com/bot.html)"
216.73.216.123 - - [05/Mar/2026:18:33:20 +0000] "GET /agency/wp-includes/SimplePie/src/Content/Type/Sniffer.php HTTP/1.1" 200 - "-" "Mozilla/5.0 AppleWebKit/537.36 (KHTML, like Gecko; compatible; ClaudeBot/1.0; +claudebot@anthropic.com)"
216.73.216.123 - - [05/Mar/2026:18:33:21 +0000] "GET /agency/wp-includes/js/tinymce/plugins/fullscreen/plugin.min.js HTTP/1.1" 200 890 "-" "Mozilla/5.0 AppleWebKit/537.36 (KHTML, like Gecko; compatible; ClaudeBot/1.0; +claudebot@anthropic.com)"
216.73.216.123 - - [05/Mar/2026:18:33:21 +0000] "GET /agency/wp-includes/js/tinymce/plugins/image/plugin.min.js HTTP/1.1" 200 5497 "-" "Mozilla/5.0 AppleWebKit/537.36 (KHTML, like Gecko; compatible; ClaudeBot/1.0; +claudebot@anthropic.com)"
216.73.216.123 - - [05/Mar/2026:18:33:26 +0000] "GET /agency/wp-includes/js/tinymce/plugins/wordpress/?C=M&O=A HTTP/1.1" 200 416 "-" "Mozilla/5.0 AppleWebKit/537.36 (KHTML, like Gecko; compatible; ClaudeBot/1.0; +claudebot@anthropic.com)"
216.73.216.123 - - [05/Mar/2026:18:33:26 +0000] "GET /agency/wp-includes/js/tinymce/plugins/wptextpattern/?C=S&O=A HTTP/1.1" 200 437 "-" "Mozilla/5.0 AppleWebKit/537.36 (KHTML, like Gecko; compatible; ClaudeBot/1.0; +claudebot@anthropic.com)"
216.73.216.123 - - [05/Mar/2026:18:33:27 +0000] "GET /agency/wp-includes/js/tinymce/plugins/wordpress/?C=N&O=D HTTP/1.1" 200 418 "-" "Mozilla/5.0 AppleWebKit/537.36 (KHTML, like Gecko; compatible; ClaudeBot/1.0; +claudebot@anthropic.com)"
216.73.216.123 - - [05/Mar/2026:18:33:35 +0000] "GET /agency/wp-includes/js/tinymce/plugins/paste/?C=M&O=A HTTP/1.1" 200 413 "-" "Mozilla/5.0 AppleWebKit/537.36 (KHTML, like Gecko; compatible; ClaudeBot/1.0; +claudebot@anthropic.com)"
216.73.216.123 - - [05/Mar/2026:18:33:36 +0000] "GET /agency/wp-includes/js/tinymce/plugins/wordpress/?C=D&O=A HTTP/1.1" 200 416 "-" "Mozilla/5.0 AppleWebKit/537.36 (KHTML, like Gecko; compatible; ClaudeBot/1.0; +claudebot@anthropic.com)"
216.73.216.123 - - [05/Mar/2026:18:33:36 +0000] "GET /agency/wp-includes/js/tinymce/plugins/paste/?C=N&O=D HTTP/1.1" 200 411 "-" "Mozilla/5.0 AppleWebKit/537.36 (KHTML, like Gecko; compatible; ClaudeBot/1.0; +claudebot@anthropic.com)"
216.73.216.123 - - [05/Mar/2026:18:33:40 +0000] "GET /agency/wp-includes/js/tinymce/plugins/paste/?C=S&O=A HTTP/1.1" 200 414 "-" "Mozilla/5.0 AppleWebKit/537.36 (KHTML, like Gecko; compatible; ClaudeBot/1.0; +claudebot@anthropic.com)"
216.73.216.123 - - [05/Mar/2026:18:33:40 +0000] "GET /agency/wp-includes/js/tinymce/plugins/paste/?C=D&O=A HTTP/1.1" 200 413 "-" "Mozilla/5.0 AppleWebKit/537.36 (KHTML, like Gecko; compatible; ClaudeBot/1.0; +claudebot@anthropic.com)"
216.73.216.123 - - [05/Mar/2026:18:33:41 +0000] "GET /agency/wp-includes/js/tinymce/plugins/wordpress/?C=S&O=A HTTP/1.1" 200 417 "-" "Mozilla/5.0 AppleWebKit/537.36 (KHTML, like Gecko; compatible; ClaudeBot/1.0; +claudebot@anthropic.com)"
216.73.216.123 - - [05/Mar/2026:18:34:17 +0000] "GET /agency/wp-includes/js/tinymce/plugins/wpdialogs/?C=D&O=A HTTP/1.1" 200 431 "-" "Mozilla/5.0 AppleWebKit/537.36 (KHTML, like Gecko; compatible; ClaudeBot/1.0; +claudebot@anthropic.com)"
216.73.216.123 - - [05/Mar/2026:18:34:17 +0000] "GET /agency/wp-includes/js/tinymce/plugins/wpdialogs/?C=M&O=A HTTP/1.1" 200 433 "-" "Mozilla/5.0 AppleWebKit/537.36 (KHTML, like Gecko; compatible; ClaudeBot/1.0; +claudebot@anthropic.com)"
216.73.216.123 - - [05/Mar/2026:18:34:17 +0000] "GET /agency/wp-includes/js/tinymce/plugins/wpdialogs/?C=N&O=D HTTP/1.1" 200 431 "-" "Mozilla/5.0 AppleWebKit/537.36 (KHTML, like Gecko; compatible; ClaudeBot/1.0; +claudebot@anthropic.com)"
216.73.216.123 - - [05/Mar/2026:18:34:42 +0000] "GET /agency/wp-includes/SimplePie/src/XML/Declaration/?C=M&O=A HTTP/1.1" 200 406 "-" "Mozilla/5.0 AppleWebKit/537.36 (KHTML, like Gecko; compatible; ClaudeBot/1.0; +claudebot@anthropic.com)"
216.73.216.123 - - [05/Mar/2026:18:34:42 +0000] "GET /agency/wp-includes/SimplePie/src/XML/Declaration/?C=N&O=D HTTP/1.1" 200 404 "-" "Mozilla/5.0 AppleWebKit/537.36 (KHTML, like Gecko; compatible; ClaudeBot/1.0; +claudebot@anthropic.com)"
216.73.216.123 - - [05/Mar/2026:18:34:43 +0000] "GET /agency/wp-includes/js/tinymce/plugins/wpdialogs/?C=S&O=A HTTP/1.1" 200 433 "-" "Mozilla/5.0 AppleWebKit/537.36 (KHTML, like Gecko; compatible; ClaudeBot/1.0; +claudebot@anthropic.com)"
66.249.75.36 - - [05/Mar/2026:18:34:46 +0000] "GET /48438223 HTTP/1.1" 404 - "-" "Mozilla/5.0 (Linux; Android 6.0.1; Nexus 5X Build/MMB29P) AppleWebKit/537.36 (KHTML, like Gecko) Chrome/144.0.7559.132 Mobile Safari/537.36 (compatible; Googlebot/2.1; +http://www.google.com/bot.html)"
216.73.216.123 - - [05/Mar/2026:18:34:57 +0000] "GET /agency/wp-includes/js/tinymce/plugins/wpview/?C=N&O=D HTTP/1.1" 200 430 "-" "Mozilla/5.0 AppleWebKit/537.36 (KHTML, like Gecko; compatible; ClaudeBot/1.0; +claudebot@anthropic.com)"
216.73.216.123 - - [05/Mar/2026:18:34:57 +0000] "GET /agency/wp-includes/SimplePie/src/XML/Declaration/?C=S&O=A HTTP/1.1" 200 406 "-" "Mozilla/5.0 AppleWebKit/537.36 (KHTML, like Gecko; compatible; ClaudeBot/1.0; +claudebot@anthropic.com)"
216.73.216.123 - - [05/Mar/2026:18:34:57 +0000] "GET /agency/wp-includes/SimplePie/src/XML/Declaration/?C=D&O=A HTTP/1.1" 200 405 "-" "Mozilla/5.0 AppleWebKit/537.36 (KHTML, like Gecko; compatible; ClaudeBot/1.0; +claudebot@anthropic.com)"
216.73.216.123 - - [05/Mar/2026:18:35:02 +0000] "GET /agency/wp-includes/js/tinymce/plugins/wpview/?C=S&O=A HTTP/1.1" 200 432 "-" "Mozilla/5.0 AppleWebKit/537.36 (KHTML, like Gecko; compatible; ClaudeBot/1.0; +claudebot@anthropic.com)"
216.73.216.123 - - [05/Mar/2026:18:35:02 +0000] "GET /agency/wp-includes/js/tinymce/plugins/wpview/?C=D&O=A HTTP/1.1" 200 427 "-" "Mozilla/5.0 AppleWebKit/537.36 (KHTML, like Gecko; compatible; ClaudeBot/1.0; +claudebot@anthropic.com)"
216.73.216.123 - - [05/Mar/2026:18:35:03 +0000] "GET /agency/wp-includes/js/tinymce/plugins/wpview/?C=M&O=A HTTP/1.1" 200 427 "-" "Mozilla/5.0 AppleWebKit/537.36 (KHTML, like Gecko; compatible; ClaudeBot/1.0; +claudebot@anthropic.com)"
216.73.216.123 - - [05/Mar/2026:18:36:02 +0000] "GET /agency/wp-includes/js/tinymce/plugins/fullscreen/?C=D&O=A HTTP/1.1" 200 418 "-" "Mozilla/5.0 AppleWebKit/537.36 (KHTML, like Gecko; compatible; ClaudeBot/1.0; +claudebot@anthropic.com)"
216.73.216.123 - - [05/Mar/2026:18:36:02 +0000] "GET /agency/wp-includes/js/tinymce/plugins/fullscreen/?C=M&O=A HTTP/1.1" 200 418 "-" "Mozilla/5.0 AppleWebKit/537.36 (KHTML, like Gecko; compatible; ClaudeBot/1.0; +claudebot@anthropic.com)"
216.73.216.123 - - [05/Mar/2026:18:36:03 +0000] "GET /agency/wp-includes/js/tinymce/plugins/fullscreen/?C=N&O=D HTTP/1.1" 200 416 "-" "Mozilla/5.0 AppleWebKit/537.36 (KHTML, like Gecko; compatible; ClaudeBot/1.0; +claudebot@anthropic.com)"
216.73.216.123 - - [05/Mar/2026:18:36:10 +0000] "GET /agency/wp-includes/js/tinymce/plugins/fullscreen/?C=S&O=A HTTP/1.1" 200 418 "-" "Mozilla/5.0 AppleWebKit/537.36 (KHTML, like Gecko; compatible; ClaudeBot/1.0; +claudebot@anthropic.com)"
216.73.216.123 - - [05/Mar/2026:18:36:10 +0000] "GET /agency/wp-includes/js/tinymce/plugins/image/?C=N&O=D HTTP/1.1" 200 411 "-" "Mozilla/5.0 AppleWebKit/537.36 (KHTML, like Gecko; compatible; ClaudeBot/1.0; +claudebot@anthropic.com)"
216.73.216.123 - - [05/Mar/2026:18:36:11 +0000] "GET /agency/wp-includes/js/tinymce/plugins/lists/?C=N&O=D HTTP/1.1" 200 416 "-" "Mozilla/5.0 AppleWebKit/537.36 (KHTML, like Gecko; compatible; ClaudeBot/1.0; +claudebot@anthropic.com)"
216.73.216.123 - - [05/Mar/2026:18:36:46 +0000] "GET /agency/wp-includes/js/tinymce/plugins/image/?C=S&O=A HTTP/1.1" 200 414 "-" "Mozilla/5.0 AppleWebKit/537.36 (KHTML, like Gecko; compatible; ClaudeBot/1.0; +claudebot@anthropic.com)"
216.73.216.123 - - [05/Mar/2026:18:36:46 +0000] "GET /agency/wp-includes/js/tinymce/plugins/lists/?C=S&O=A HTTP/1.1" 200 418 "-" "Mozilla/5.0 AppleWebKit/537.36 (KHTML, like Gecko; compatible; ClaudeBot/1.0; +claudebot@anthropic.com)"
216.73.216.123 - - [05/Mar/2026:18:36:47 +0000] "GET /agency/wp-includes/js/tinymce/plugins/image/?C=D&O=A HTTP/1.1" 200 413 "-" "Mozilla/5.0 AppleWebKit/537.36 (KHTML, like Gecko; compatible; ClaudeBot/1.0; +claudebot@anthropic.com)"
216.73.216.123 - - [05/Mar/2026:18:36:52 +0000] "GET /agency/wp-includes/js/tinymce/plugins/lists/?C=D&O=A HTTP/1.1" 200 414 "-" "Mozilla/5.0 AppleWebKit/537.36 (KHTML, like Gecko; compatible; ClaudeBot/1.0; +claudebot@anthropic.com)"
216.73.216.123 - - [05/Mar/2026:18:36:52 +0000] "GET /agency/wp-includes/js/tinymce/plugins/image/?C=M&O=A HTTP/1.1" 200 413 "-" "Mozilla/5.0 AppleWebKit/537.36 (KHTML, like Gecko; compatible; ClaudeBot/1.0; +claudebot@anthropic.com)"
216.73.216.123 - - [05/Mar/2026:18:36:53 +0000] "GET /agency/wp-includes/js/tinymce/plugins/lists/?C=M&O=A HTTP/1.1" 200 414 "-" "Mozilla/5.0 AppleWebKit/537.36 (KHTML, like Gecko; compatible; ClaudeBot/1.0; +claudebot@anthropic.com)"
66.249.75.36 - - [05/Mar/2026:18:37:01 +0000] "GET /6016706 HTTP/1.1" 404 - "-" "Mozilla/5.0 (Linux; Android 6.0.1; Nexus 5X Build/MMB29P) AppleWebKit/537.36 (KHTML, like Gecko) Chrome/144.0.7559.132 Mobile Safari/537.36 (compatible; Googlebot/2.1; +http://www.google.com/bot.html)"
216.73.216.123 - - [05/Mar/2026:18:38:01 +0000] "GET /agency/wp-includes/js/tinymce/plugins/wptextpattern/?C=D&O=A HTTP/1.1" 200 435 "-" "Mozilla/5.0 AppleWebKit/537.36 (KHTML, like Gecko; compatible; ClaudeBot/1.0; +claudebot@anthropic.com)"
216.73.216.123 - - [05/Mar/2026:18:38:01 +0000] "GET /agency/wp-includes/js/tinymce/plugins/wptextpattern/?C=M&O=A HTTP/1.1" 200 436 "-" "Mozilla/5.0 AppleWebKit/537.36 (KHTML, like Gecko; compatible; ClaudeBot/1.0; +claudebot@anthropic.com)"
216.73.216.123 - - [05/Mar/2026:18:38:01 +0000] "GET /agency/wp-includes/js/tinymce/plugins/wptextpattern/?C=N&O=D HTTP/1.1" 200 435 "-" "Mozilla/5.0 AppleWebKit/537.36 (KHTML, like Gecko; compatible; ClaudeBot/1.0; +claudebot@anthropic.com)"
216.73.216.123 - - [05/Mar/2026:18:38:04 +0000] "GET /agency/wp-includes/rest-api/endpoints/class-wp-rest-pattern-directory-controller.php HTTP/1.1" 500 - "-" "Mozilla/5.0 AppleWebKit/537.36 (KHTML, like Gecko; compatible; ClaudeBot/1.0; +claudebot@anthropic.com)"
216.73.216.123 - - [05/Mar/2026:18:38:05 +0000] "GET /agency/wp-includes/rest-api/endpoints/class-wp-rest-comments-controller.php HTTP/1.1" 500 - "-" "Mozilla/5.0 AppleWebKit/537.36 (KHTML, like Gecko; compatible; ClaudeBot/1.0; +claudebot@anthropic.com)"
216.73.216.123 - - [05/Mar/2026:18:38:05 +0000] "GET /agency/wp-includes/js/tinymce/plugins/link HTTP/1.1" 301 313 "-" "Mozilla/5.0 AppleWebKit/537.36 (KHTML, like Gecko; compatible; ClaudeBot/1.0; +claudebot@anthropic.com)"
216.73.216.123 - - [05/Mar/2026:18:38:05 +0000] "GET /agency/wp-includes/js/tinymce/plugins/link/ HTTP/1.1" 200 414 "https://smartbloks.ai/agency/wp-includes/js/tinymce/plugins/link" "Mozilla/5.0 AppleWebKit/537.36 (KHTML, like Gecko; compatible; ClaudeBot/1.0; +claudebot@anthropic.com)"
216.73.216.123 - - [05/Mar/2026:18:38:06 +0000] "GET /agency/wp-includes/Requests/src/Transport/Fsockopen.php HTTP/1.1" 500 - "-" "Mozilla/5.0 AppleWebKit/537.36 (KHTML, like Gecko; compatible; ClaudeBot/1.0; +claudebot@anthropic.com)"
216.73.216.123 - - [05/Mar/2026:18:38:06 +0000] "GET /agency/wp-includes/rest-api/endpoints/class-wp-rest-users-controller.php HTTP/1.1" 500 - "-" "Mozilla/5.0 AppleWebKit/537.36 (KHTML, like Gecko; compatible; ClaudeBot/1.0; +claudebot@anthropic.com)"
216.73.216.123 - - [05/Mar/2026:18:38:10 +0000] "GET /agency/wp-includes/customize/class-wp-customize-custom-css-setting.php HTTP/1.1" 500 - "-" "Mozilla/5.0 AppleWebKit/537.36 (KHTML, like Gecko; compatible; ClaudeBot/1.0; +claudebot@anthropic.com)"
216.73.216.123 - - [05/Mar/2026:18:38:11 +0000] "GET /agency/wp-includes/css/buttons-rtl.css HTTP/1.1" 200 2513 "-" "Mozilla/5.0 AppleWebKit/537.36 (KHTML, like Gecko; compatible; ClaudeBot/1.0; +claudebot@anthropic.com)"
216.73.216.123 - - [05/Mar/2026:18:38:11 +0000] "GET /agency/wp-includes/block-supports/layout.php HTTP/1.1" 500 - "-" "Mozilla/5.0 AppleWebKit/537.36 (KHTML, like Gecko; compatible; ClaudeBot/1.0; +claudebot@anthropic.com)"
216.73.216.123 - - [05/Mar/2026:18:38:12 +0000] "GET /agency/wp-includes/js/tinymce/plugins/directionality HTTP/1.1" 301 323 "-" "Mozilla/5.0 AppleWebKit/537.36 (KHTML, like Gecko; compatible; ClaudeBot/1.0; +claudebot@anthropic.com)"
216.73.216.123 - - [05/Mar/2026:18:38:12 +0000] "GET /agency/wp-includes/js/tinymce/plugins/directionality/ HTTP/1.1" 200 436 "https://smartbloks.ai/agency/wp-includes/js/tinymce/plugins/directionality" "Mozilla/5.0 AppleWebKit/537.36 (KHTML, like Gecko; compatible; ClaudeBot/1.0; +claudebot@anthropic.com)"
216.73.216.123 - - [05/Mar/2026:18:38:12 +0000] "GET /agency/wp-includes/js/tinymce/plugins/tabfocus HTTP/1.1" 301 317 "-" "Mozilla/5.0 AppleWebKit/537.36 (KHTML, like Gecko; compatible; ClaudeBot/1.0; +claudebot@anthropic.com)"
216.73.216.123 - - [05/Mar/2026:18:38:12 +0000] "GET /agency/wp-includes/js/tinymce/plugins/tabfocus/ HTTP/1.1" 200 416 "https://smartbloks.ai/agency/wp-includes/js/tinymce/plugins/tabfocus" "Mozilla/5.0 AppleWebKit/537.36 (KHTML, like Gecko; compatible; ClaudeBot/1.0; +claudebot@anthropic.com)"
